 is the remainder when 288 is divided by i?
131
Let b = -784 + 853. Let p = 37 - 15. Suppose -p = -2*o + 6. What is the remainder when b is divided by o?
13
Let j = 15943 + -15908. Calculate the remainder when 1463 is divided by j.
28
Let u(h) = h**3 - 55 - 3*h**2 - 2*h**2 + 50 + 3*h. Let z be u(5). Calculate the remainder when ((-35)/z)/((-5)/20) is divided by 4.
2
Suppose 3*a + 5 = 4*a. Let y(x) = 3*x - 4*x**3 + 1 + 4*x**2 - 2*x**3 + 3*x - 4*x. What is the remainder when y(-1) is divided by a?
4
Suppose p - 514 = -k, -134*p + 129*p - 5 = 0. What is the remainder when k is divided by 133?
116
Let a be ((-8)/(-14))/((-26)/(-91)). Suppose -3*d - 3 = 0, l - a*d - 55 = d. Suppose -88 = -5*p + 2. What is the remainder when l is divided by p?
16
Let o = -56710 + 56777. Let c be (35/3)/(2/6). Suppose -3*g + 3*k + c = -2*k, -2*g = -5*k - 25. What is the remainder when o is divided by g?
7
Let u = -304658 - -304674. Let i = -94 + 140. Calculate the remainder when i is divided by u.
14
Suppose 4*d - 12 = 0, 0*r - 2*d + 24 = 3*r. Suppose 11*m = r*m + 450. Let z(g) = 5*g**2 + 14*g - 8. What is the remainder when m is divided by z(-5)?
43
Let n be (-8)/3*57/(-4). What is the remainder when (68/(-6) + 1)/(-68 - 90428/(-1332)) is divided by 4/(-8)*n*-1?
17
Suppose -78 = -w - 2*w. Let x be -56*(360/(-32) - -11). Suppose -885 = -x*h - 199. Calculate the remainder when h is divided by w.
23
Let i(t) = t**2 + 26*t - 24. Let q be i(-27). Suppose -3*x + 23 - q = h, 2*h - 5*x - 7 = 0. What is the remainder when 434/10 - 6/15 is divided by h?
10
Suppose -5*i + 108 = 2*d, -9*d = -5*d - 3*i - 294. What is the remainder when 139 is divided by d?
1
Let y(i) = -3*i**3 + 36*i**2 - 17*i - 5. Let n be y(6). Let m = 566 - n. Calculate the remainder when 297 is divided by m.
22
Suppose -4*r + 22 = 2*u, -5*r - 6*u + 11*u = -50. Calculate the remainder when 165 is divided by r.
4
Let g(s) = -s + 42. What is the remainder when 98 is divided by g(-36)?
20
Suppose 4*d - 32 = -4*i + 2*i, 2*i - 2*d = 2. Let o be 140/(-56) + 639/6. Suppose -22*t = 16 - o. Calculate the remainder when i is divided by t.
2
Suppose -725 - 2646 + 179 = -19*k. Calculate the remainder when 1678 is divided by k.
166
Calculate the remainder when -254*((-9)/(-6))/(-3) is divided by 3*((-10)/(300/18) + (-148)/(-30)).
10
Let i = -242 - -244. Let a = -42 + 57. Calculate the remainder when (30 - 8/i)/((-1)/(-2)) is divided by a.
7
Suppose 0 = 4*p - 1128 - 8. Let j = 319 - p. What is the remainder when 136 is divided by j?
31
Suppose h = 4*k + 51, -22*h - 213 = -25*h + 2*k. Calculate the remainder when h is divided by (-42)/(-4) + 2/4.
9
Let s(w) = 7*w**2 - 10*w + 82. Calculate the remainder when 1237 is divided by s(5).
202
Calculate the remainder when 238 is divided by 4/(-14) + 0 - 93/(-7).
4
Let a = 8594 - 8309. Calculate the remainder when a is divided by 69.
9
Let g(j) = 5*j - 4. Let i(l) = -15*l**2 + 6*l + 10. Let s be i(-2). Let u = -60 - s. Calculate the remainder when 88 is divided by g(u).
4
Suppose -17*t + 5288 = 42*t + 273. Calculate the remainder when t is divided by 27.
4
Let j(l) = 29*l - 8. Let v be j(5). Suppose -v*f - 54 = -143*f. Calculate the remainder when (-4 - 1)/((-3)/21) is divided by f.
8
Suppose -16*c + 1380 = 7*c. What is the remainder when 415 is divided by c?
55
Let u = 21226 - 21090. What is the remainder when 358 is divided by u?
86
Suppose 4*b - 2*t + 310 = 0, 5*t - 2*t - 90 = b. Let y = b + 95. Suppose 0 = 4*n - 8*n + y. Calculate the remainder when 9 is divided by n.
4
Suppose 0*b = 2*b - 880. Suppose 0 = -2*p - 15 + 17. Calculate the remainder when 35 is divided by b/24 - p/3.
17
Suppose 10*r = -24*r + 229670. Calculate the remainder when r is divided by 109.
106
Suppose 0 = -4*n - 5*l + 15, -2*n + 4 = 3*l - 3. Let i(f) = 5*f - 5*f**2 + 2 - 3 + f**3 + 0. What is the remainder when 91 is divided by i(n)?
19
Suppose -2*h = 12*h - 140. Suppose -130 = -5*m + 5*q, -122 + h = -5*m - q. What is the remainder when 182 is divided by m?
21
Let w(o) = -2*o**3 - 38*o**2 - 31*o + 125. Calculate the remainder when 1748 is divided by w(-18).
33
Suppose -13952*i = -13951*i - 58. Calculate the remainder when 553 is divided by i.
31
Suppose 4*i = -2*q + 90, 3*i = -771*q + 767*q + 195. What is the remainder when (74/(-5))/(1/(-10)) is divided by q?
46
Let n = 1866 + -2776. Let p = -877 - n. What is the remainder when 361 is divided by p?
31
Let u(g) = -2*g**2 + 7 + 10*g + 14*g - 4*g - g**3 - 18*g**2 + 2. What is the remainder when 657 is divided by u(-21)?
27
Suppose -3*p - 2*p = 20. Let i(c) = 6*c**2 - 5*c + 2. Let n(f) = -25*f**3 - 8*f**2 - 5*f + 2. What is the remainder when i(p) is divided by n(-1)?
22
Let s = -1476 + 1481. Suppose 0 = -3*p + 26 - 2. What is the remainder when p is divided by s?
3
Suppose -9*g + 6*g = -15. Suppose 0 = -4*a + 2*o + 3*o + 263, 0 = -g*a - 2*o + 370. What is the remainder when 52 is divided by (a/(-14))/((-12)/42)?
16
Suppose 0 = 107*b + 37 + 3173. Let f be 46 - (-2 - (-4 - -2)). Let y = b + f. Calculate the remainder when 43 is divided by y.
11
Let q = 157 + -114. Suppose -8*v + q = -45. Suppose 0 = -u - 5*z + 69, -z = 4*u - 4*z - 299. What is the remainder when u is divided by v?
8
Let s = 350 - 266. Suppose 0 = 7*i - 28 - s. Calculate the remainder when i is divided by 1*4 + 2/1.
4
Suppose 0*j - 4 = 2*j. Suppose -6696 - 4955 = -191*a. What is the remainder when a is divided by ((j - -3) + 7)*2?
13
Suppose 2*v = h + 5387, 10773 = 6*v - 2*v - 3*h. Suppose -21*t - v = -23*t. Calculate the remainder when t is divided by 25.
22
Let t be (-2 - -2) + -3 - (5 + -9). Let u be t/(-1)*(6*1)/(-2). Suppose u*n - n = 18. What is the remainder when 42 is divided by n?
6
Let g = -28628 - -38495. What is the remainder when g is divided by 14?
11
Suppose 3*i = 59 + 349. Let a = -114 + i. What is the remainder when 63 is divided by a?
19
Let l = 834 - 819. Let k(a) = a + 1. What is the remainder when 110 is divided by k(l)?
14
What is the remainder when ((-29128)/990)/((-2)/3) - (-2)/(-15) is divided by 18?
8
Let y(x) = x**3 + 11*x**2 - 16*x + 10. Let f = -2986 - -3449. What is the remainder when f is divided by y(-12)?
57
Let f = -31980 - -32479. Calculate the remainder when 4507 is divided by f.
16
Let z = 602 - 583. Let p(m) = -m**2 + 2*m - 1. Let f be p(1). Suppose 3*s - 55 = -5*v + 5*s, 5*v + 5*s - 55 = f. Calculate the remainder when z is divided by v.
8
Calculate the remainder when (-627)/(-1) - ((-181)/2172 + 46/(-24)) is divided by 229.
171
Suppose -651 = -121*a + 119*a - 5*b, -3*b = 21. Calculate the remainder when a is divided by 1.
0
Let z(x) = x**3 - 11*x**2 + 12*x + 71. What is the remainder when 59 is divided by z(9)?
8
Suppose -o - 6*f + 156 = 0, 0 = -f + 3 - 10. Calculate the remainder when 943 is divided by o.
151
Suppose 71*a - 114*a + 946 = 0. What is the remainder when 214 is divided by a?
16
Suppose -v = -2*v - v + 284. What is the remainder when v is divided by 40?
22
Let p(b) = -b**3 - 30*b**2 - 22*b + 233. Calculate the remainder when 506 is divided by p(-29).
26
Let f = 23 - 46. Let i = 138 + f. Calculate the remainder when i is divided by (8 + 0 - 5)*17/3.
13
Suppose 94*m = 96*m - 4. Suppose c - 92 + 9 = -5*l, -m*c + 38 = 2*l. What is the remainder when 38 is divided by l?
6
Suppose 3*k - 562 = -2*n, -4*n + 11*k = 9*k - 1108. What is the remainder when n is divided by (-135)/(-25) - (-8)/(-20)?
3
Let u = -7389 + 7403. What is the remainder when 1899 is divided by u?
9
Let a = 9205 + -9165. Suppose 0 = -5*u + 4*u + 2. Suppose 0*o + u*o - 316 = 0. Calculate the remainder when o is divided by a.
38
What is the remainder when 36 is divided by -10 + 12 + 13 + 5?
16
Suppose 0 = -4*s + 3*s + 2*s. Suppose 69 = 3*u - 4*p + p, s = -3*u - 3*p + 63. Calculate the remainder when 37 is divided by u.
15
Suppose -909*h - 80 = -917*h. Let r(z) = 26*z + 200. What is the remainder when r(h) is divided by 11?
9
Let b = 165 - -8. Let m = 341 + -344. What is the remainder when b is divided by (30/m)/((-14)/35)?
23
Let f = 16 + -11. Suppose f*i - 15 = -0. Calculate the remainder when 2106/(-243)*(-12)/26 is divided by i.
1
Suppose -206*o = -217*o + 836. Calculate the remainder when (o/6)/((-14)/(-105)) is divided by 29.
8
Let z = 54 + -54. Suppose z = 5*b - 6*b - 120. 